) = -p**3 + 16*p**2 + 18*p - 14. Let o be h(17). Let f be 8/12 - (-21)/9. Suppose 5*g - 2*g = 4*j - 213, f*g = o*j - 159. What is the units digit of j?
4
Let y(c) = c**2 - 6. Let r be y(-5). Suppose 13*l = r*l - 2838. What is the hundreds digit of l?
4
Let i be -1 + 10 - -10*(-6)/15. Suppose -u = z - 193 - 803, -u - i*z = -984. What is the units digit of u?
9
Let o = -8559 - -13535. What is the tens digit of o?
7
Suppose -3*a + 50 = 23. Let w = a - 10. What is the units digit of (-2 - -3)*w/2*-60?
0
Suppose 74*f + 223095 - 755303 = 0. What is the thousands digit of f?
7
Let q = -25 + 32. Let u(j) = -q + 48*j + 24*j - 25*j. What is the units digit of u(3)?
4
Let s(p) = -22*p. Let j be s(2). Let d = 3324 + -3240. What is the tens digit of ((j/(-3))/(-2))/((-28)/d)?
2
Let z = -35 - -70. Let f = -20 + z. Let x = f + 17. What is the tens digit of x?
3
Suppose 0 = 5*b + 2*u - 20765 - 8956, b - 5939 = -3*u. What is the tens digit of b?
4
Let l = 38158 - 30816. What is the thousands digit of l?
7
Suppose 27*d - 23*d + 1156 - 26636 = 0. What is the units digit of d?
0
Let x(b) be the third derivative of b**5/120 + 13*b**4/12 + 7*b**3/3 - 14*b**2. Let c(l) be the first derivative of x(l). What is the units digit of c(20)?
6
Let w = 59 - 59. Suppose w = -4*s - s - 65. What is the units digit of 17/3 - (5 + s/3)?
5
Suppose -22*q + 60 = -27*q. Let u be (q/4)/((-2)/2). Suppose 5*t - 149 = -4*k, 5*k - u*k - t = 57. What is the tens digit of k?
3
Suppose -196*m + 2296874 = 2456810 - 10747856. What is the tens digit of m?
2
Let g(n) = n**2 - 7*n - 72. Let d be g(13). What is the tens digit of (9 + 2 - d) + 102?
0
Let i be 360/84 + 2/(-7). Suppose i*x - 17 = 3*s, 5*x = 4*s + 15 + 7. What is the tens digit of (-69*(-10)/(-9))/(1/s)?
3
Suppose 3*w + 3 = 3*g, -3*g - w = -3 - 12. Suppose p + 4*z - 8 = g, -45 = -5*p - 5*z. Let b(a) = a**2 - 6*a - 14. What is the units digit of b(p)?
2
Suppose i - 645 = 265. Let u be i/(-19) + 2/(-19). Let f = u + 75. What is the units digit of f?
7
Suppose 15 = -3*v, -4*b + 3 + 3 = 2*v. Suppose 4*c - b*n = c + 774, 1298 = 5*c - 4*n. What is the tens digit of c?
6
Suppose 4*b - 36300 = -4*d, 3*b = d + 9*b - 9075. What is the thousands digit of d?
9
Let g(p) = -16600*p - 2038. What is the hundreds digit of g(-3)?
7
Suppose 220 = 10*b + b. Let q = -43 - b. What is the units digit of 1064/q*-3*15/4?
0
Let u(t) = t - 34. Let y be u(12). What is the hundreds digit of 22380/130 + (-1 - y/26)?
1
Suppose 2*l + 23*c = 22*c + 13938, -c - 34831 = -5*l. What is the units digit of l?
7
Suppose -325*d = -53*d - 6915297 + 2483601. What is the units digit of d?
3
Let v(h) = -2*h - 1. Let o be v(-2). Let y be -1*1358/(-35) - (-36)/30. Suppose 4*f - y = 2*x, o*f - 2*x + x - 31 = 0. What is the tens digit of f?
1
Suppose -13*o + 58 = 123. Let w(u) = -311*u - 147. What is the thousands digit of w(o)?
1
Let h(b) = -15*b + 13. Let o(k) = -2*k - 2. Let v(a) = -h(a) - 2*o(a). Let d(t) = t + 2. Let i be d(2). What is the tens digit of v(i)?
6
Let f(v) = -3892*v + 378. What is the ten thousands digit of f(-4)?
1
Let n = -7090 + 7288. What is the tens digit of n?
9
Suppose 6*h - 208 - 14 = 0. Suppose h*c + 8891 = 30647. What is the tens digit of c?
8
Let p = -19790 - -19906. Let j(m) = -28*m**2. Let x be j(-2). Let f = p + x. What is the units digit of f?
4
Suppose 4124 = 5*g + 5*s - 3*s, 5*s = -2*g + 1658. Suppose -3*a - 4*o + 584 = 100, -5*a + 2*o + g = 0. What is the hundreds digit of a?
1
Let u(w) = -w**2 - w + 18. Let f be u(-4). What is the hundreds digit of (-6)/(-33) - (f - 21372/66)?
3
Let s = 824 + -1267. Let c = s - -1120. What is the tens digit of c?
7
Let o = 37175 + -20096. What is the hundreds digit of o?
0
Let x(z) = 69*z - 35. Let y be x(3). Let l(d) = d + 123. Let p be l(0). Suppose 0 = -5*n + y + p. What is the units digit of n?
9
Suppose 2*k - 1 = -5. Let m(c) = -c**3 + 13*c**2 + 14*c - 6. Let h be m(14). What is the tens digit of h/(-18)*(-6)/k - -81?
8
Let j = 13412 + 20367. What is the hundreds digit of j?
7
Let s = -53 - -29. Let u = 58 + s. What is the tens digit of u?
3
Suppose 0 = 13*q - 40074 - 50424 - 56909. What is the thousands digit of q?
1
Let a = -71047 - -104689. What is the thousands digit of a?
3
Let p be (1*-1 - 0)*(-95 - -92). Let t be (-2)/(-2) - (p + -8). Suppose -2*c + t*c - 440 = 0. What is the hundreds digit of c?
1
Let o = 807 - 802. Suppose -4*p + 2108 = -4*v + 468, o*p + v = 2056. What is the units digit of p?
1
Suppose -76*g + 12*g + 1946944 = 0. What is the ten thousands digit of g?
3
Let n = 477 + -558. Let p = 264 + n. What is the hundreds digit of p?
1
Suppose 711 = -5*y + 3276. Let w = 265 - y. Let c = w + 367. What is the tens digit of c?
1
What is the units digit of ((-1662)/1385)/((-3)/20765)?
6
Let q(h) = h**3 - 7*h - 16*h + 12*h - 2*h**2 + 6. Let v be q(5). Let o = 50 + v. What is the tens digit of o?
7
Let g(y) = y**3 - 5*y**2 - 4*y + 5. Let b be g(5). Let m(p) = p**2 + 13*p - 25. Let k be m(b). Suppose 0 = k*u - 75 - 175. What is the units digit of u?
0
Let m = 57 - 39. Let s = -15 + m. What is the tens digit of ((50/s)/(-2))/(3/(-36))?
0
Let w(t) = -11*t**2 + 5*t + 1. Let h(u) be the first derivative of -u**3/3 + u**2/2 - 5. Let m(y) = 15*h(y) - 3*w(y). What is the units digit of m(-2)?
9
Let g = 274 - 116. Let a(b) = -g*b + 0*b**3 + 151*b + b**3 + 10. What is the units digit of a(5)?
0
Suppose -497*j + 501*j - 360988 = -d, -12 = 3*d. What is the thousands digit of j?
0
Suppose 9761 = 3*r - 4*l, 458*r + 3*l - 13048 = 454*r. What is the units digit of r?
9
Suppose 92*p - 332215 - 759534 - 97259 = 0. What is the tens digit of p?
2
Let t be (2/2 + -4)*(-72)/(-108). What is the tens digit of (-219 + -1 + 2)*t?
3
Suppose -93686 - 38082 + 1044414 = 73*r. What is the thousands digit of r?
2
Suppose 0 = -42*z + 61*z - 44555. Suppose -4*i + 22*v = 25*v - z, 1763 = 3*i - 2*v. What is the tens digit of i?
8
Let f(q) = -q - 14. Let m be f(-12). Let x be (m - 0) + 10/(-1). What is the units digit of (-1124)/(-6) - (16/x)/2?
8
Let z(g) = 471*g**2 + 578*g - 14. What is the hundreds digit of z(8)?
7
What is the hundreds digit of (1754/6)/(((-4)/(-18))/((-56)/(-21)))?
5
Let k = -4 - -7. Suppose -7*y + 3*y + 101 = -3*u, 54 = k*y + 5*u. Suppose -r + 7 = 5*i, -5*r = 3*i - y - 100. What is the units digit of r?
7
Suppose -5*i - 4*k = -30790, 0 = -3*k - 1 + 16. What is the thousands digit of i?
6
Suppose 4*l + 9272 = 4*b, 0 + 10 = 2*l. What is the tens digit of b?
2
Let x(m) = 6*m + 29. Let j be x(-4). Suppose -y = -j*f + 148, y = -3*f - 0*y + 84. What is the units digit of f?
9
Let z(b) = -3*b**3 - 7*b**2 - 5*b - 13. Suppose 0 = d + 96 - 91. What is the hundreds digit of z(d)?
2
Let b(i) = 43*i - 134. Let r be b(3). Let q be 2 + 0 - (2 - 1). What is the tens digit of (q + r/10)*118?
5
Suppose 0 = 5*i - u + 21 + 16, -3*u - 8 = 2*i. Let h(b) = 7*b**2 - 2*b - 11. Let l be h(i). Let k = l - 245. What is the units digit of k?
1
Suppose 18 = 23*n - 17*n. What is the units digit of (n/(-9))/(5/(-60)) - -240?
4
Let m be 64/(-2) - 10/(-5). Let z = 77 - m. Let u = z - 61. What is the units digit of u?
6
What is the units digit of (-6171)/(-374)*(-584)/(-3)?
2
Let g(x) = 964*x**2 - 116*x + 693. What is the units digit of g(6)?
1
Suppose 16*s - 5*s = -29*s + 686840. What is the tens digit of s?
7
Let x be ((-21)/(-6) - 3)/(6/36). Suppose 6*a + 5*o = a, 3*a = x*o - 12. Let r = 11 + a. What is the units digit of r?
9
What is the units digit of 11/(10/17290*13) - 5?
8
Let m be 2 + 12 + 5 + -2. Suppose -m*g + 12*g + 3104 = -r, -5*r = -3*g + 1858. What is the tens digit of g?
2
Suppose -a + u = -2775, 5*a + 13*u = 10*u + 13883. What is the thousands digit of a?
2
Let s(w) = -158*w + 2363. What is the tens digit of s(-48)?
4
Let f(h) = -14*h + 117. Let t be f(25). Let k = 370 + t. What is the hundreds digit of k?
1
Let o(b) = -b**3 - 4*b**2 - 2*b - 22. Let r = -331 + 320. What is the tens digit of o(r)?
4
Suppose 0 = -36*f + 38*f - 1006. Let l = 649 - f. What is the units digit of l?
6
Let t be (10/(-25))/((-6)/120). Suppose t*g = 6*g + 654. What is the hundreds digit of g?
3
Let g(q) = -4*q + 31. Let n(p) = -1. Let v(c) = -g(c) + 4*n(c). Let m be v(-10). Let s = 139 + m. What is the units digit of s?
4
Let n = -7 - -10. Suppose 0 = 